digit of h?
9
Suppose -2*b = 6*b - 45608. Suppose -4687 - b = -14*i. What is the hundreds digit of i?
7
Let r(c) = -c**2 - 20*c + 6. Let f(g) = 1. Let n(j) = 6*f(j) + r(j). Let u be -10 + 9/(-1 - -4). What is the hundreds digit of n(u)?
1
Let k be (1 - (-5)/(-10))*(-1 + 1). Suppose 6*f - 12 + k = 0. What is the units digit of (1584/27)/(f/6)?
6
Let q(o) = 275*o**2 - 58*o - 100. What is the tens digit of q(-13)?
2
Suppose -a + 17 = 5*y, 5*y - 7 - 2 = 3*a. Suppose 5*v + 5*q = 2008 + 592, -a*q = -4*v + 2050. Suppose 207 = -4*n + v. What is the units digit of n?
7
Let z(j) = j**3 - 7*j**2 - 12*j + 9. Let p be z(9). What is the hundreds digit of 7644/p - 1/3?
1
Let j = 31951 - 1065. What is the hundreds digit of j?
8
Suppose 2*b + 5*s - 39332 = 6*b, 2*b - 5*s + 19676 = 0. Let k = b + 3096. What is the hundreds digit of (-5 - k/42) + 2/(-7)?
1
Suppose 18*k - 25*k + 42 = 0. What is the units digit of -4 - (-102 + (-36)/k)?
4
What is the ten thousands digit of ((-2)/(6/9))/(3/(-50110))?
5
Suppose -w + 43 = -b - 2*b, -4*b = -3*w + 114. Suppose 37*f = w*f + 165. Suppose -u + 6*u = f. What is the tens digit of u?
1
Let x(t) = 12 + 30*t - 20*t - 11*t. Let v be x(8). Suppose 4*b + 6 = v*y - 70, 4*y - b = 70. What is the tens digit of y?
1
Suppose 2*o = -4*o + 1830. Let j = o + -79. What is the units digit of j/4*9/((-45)/(-10))?
3
Let y(u) = -u**3 - u**2 + u - 103. Let p be y(0). Let i = -68 - p. What is the units digit of -4 + 2 + i + -1?
2
Suppose 0*q - 5*q - 2*c = 3, -3*c = 5*q + 7. Let j be (-1 - (4 + -1)) + q*2. What is the hundreds digit of j/(-4) + 1592/16?
1
What is the hundreds digit of 4/(-6) - (-7 + 21953/(-3))?
3
Let d(s) be the third derivative of 5*s**4/6 - 13*s**3/6 - 22*s**2. Let u be d(6). Suppose l - u = 39. What is the hundreds digit of l?
1
Let v be (-204 + 8/(-4))/(-2). Suppose 0 = v*i - 104*i + 197. What is the units digit of i?
7
Let i = -308 - -331. Suppose -i*d - 3511 = -10434. What is the hundreds digit of d?
3
Let m = 713 + -501. Suppose 0 = 2*g + 2*r - m, 3*g + 0*g + 5*r = 312. Suppose 3*t - g = 365. What is the units digit of t?
8
Suppose 0 = 3*l - 113 + 23. Let u = -28 + l. Suppose -u*q + h - 5 = -64, 3*h - 26 = -q. What is the tens digit of q?
2
Let p(h) = -21 - 10 + 67*h**2 + 11*h - 51*h**2. What is the hundreds digit of p(5)?
4
Suppose 4*x - 8716 = 2*d - 4*d, -5*x - 21835 = -5*d. What is the thousands digit of d?
4
Let p = -4083 + 8538. Let m = p + -3109. What is the tens digit of m?
4
Let l(m) = 5*m**3 + 6*m**2 + 3*m + 70 + 71 - 135 - 3*m**3 + 24*m**2. What is the hundreds digit of l(-14)?
3
Let o(i) = 2*i**2 + 2*i - 2 - 9*i - 3*i. Let m be o(12). Let b = m + -85. What is the tens digit of b?
8
Let o(t) = -12*t. Let y(p) = p**2 - 12*p. Let l(r) = -2*o(r) + 3*y(r). What is the tens digit of l(6)?
3
Let f(q) = 14*q - 47. Let g be f(-5). Let j = -103 - g. What is the tens digit of 14*(12/j)/((-28)/(-49))?
2
Let j(q) = 2436*q + 455. What is the units digit of j(3)?
3
Let a = 18769 + -9151. What is the hundreds digit of a?
6
Let b(y) = 19*y**2 - 27*y - 517. What is the tens digit of b(40)?
0
Suppose -61*k - 438244 = -2142462. What is the ten thousands digit of k?
2
Let p be (-8 - (1 - (9 - 2))) + -1040. Let f = 51 - p. What is the thousands digit of f?
1
Let b = 760 + -672. What is the tens digit of b/(-132) - ((-1829)/3)/1?
0
Suppose 2030214 = -3*x + 35*x + 571878. What is the tens digit of x?
7
What is the tens digit of ((-2)/3)/(1/41967*-6)?
6
Let p(t) = 143*t**3 + 16*t**2 - 35*t - 5. What is the hundreds digit of p(2)?
1
Let u(f) = -23*f - 26*f + 51*f + 87. What is the units digit of u(0)?
7
Suppose 0 = -7*o + 39*o - 28704. Let f = o + -47. What is the units digit of f?
0
Let j = 12 + 124. What is the tens digit of (44/(-2) + -2)*(-2686)/j?
7
Suppose -5*k + 3 = 5*i + 23, 0 = 2*k + 10. Let l = 19 + -31. What is the tens digit of ((-56)/3)/(i*4/l)?
5
Suppose -5*j + 3606 = -4*d, -4*j + 11*d + 2887 = 10*d. Let n = 1493 - j. What is the units digit of n?
1
Let w(r) = -2*r - 2. Let q be w(-3). Let c(i) = i**2 - 2*i - 8. Let y be c(q). What is the tens digit of 2 + -3 + (86 - y)?
8
Let b = -6403 - -13528. Suppose -2*m = -17*m + b. What is the units digit of m?
5
Let w(m) = m - 1. Let d(s) = -35*s + 4. Let l(c) = -d(c) - 6*w(c). Let h be l(-1). Let f = 34 + h. What is the units digit of f?
7
Let x = 3 - -93. Let w = 95 - x. Let j(v) = -227*v + 3. What is the units digit of j(w)?
0
Suppose 24*x - 228 = 5*x. What is the units digit of x/8 + 25785/18?
4
Let i = -232 + 232. Suppose 11*c - 13*c + 68 = i. What is the units digit of c?
4
Let p(w) = -3*w + 4*w - 5*w - 3 - 9*w**2 + 11 - w**3. What is the hundreds digit of p(-12)?
4
Suppose 1721*g - 1815*g = -2510928. What is the tens digit of g?
1
Let y(s) = -678*s + 678. What is the thousands digit of y(-12)?
8
Suppose 5*h = -p + 4*p + 15770, -3*p = 3*h - 9486. What is the units digit of h?
7
Suppose 11*l = 1555 + 235528. What is the hundreds digit of l?
5
Let i(t) = -4*t**2 + 4*t + 41. Let d(a) = -5*a**2 + 5*a + 41. Let g(x) = 2*d(x) - 3*i(x). What is the units digit of g(-9)?
9
Let y be 234/(-12)*4/3. Let v = 170 - y. What is the units digit of v?
6
Let o be 4*(-6)/((-96)/3028). Suppose 0 = 2*h + 3*l - o, 2*h - 4*h - 2*l = -752. What is the units digit of h?
1
Let d(u) = 41*u**2 - 29*u + 959. What is the thousands digit of d(19)?
5
Suppose -2*y - 5*y - 42 = 0. Let a be ((-48)/(-9))/8*y. Let l(n) = -19*n - 7. What is the units digit of l(a)?
9
Let r(m) = -27*m**2 + 3*m + 17. Let h be r(-4). Let a = 751 + h. What is the tens digit of a?
2
Suppose -3*k + 102 = 3*k. Suppose -k = 6*y - 59. Suppose 0 = -y*d + 10*d - 309. What is the hundreds digit of d?
1
Let u(r) be the third derivative of 0 + 0*r + 1/30*r**5 - 10*r**2 + 2*r**3 + 2/3*r**4. What is the units digit of u(-11)?
8
Let n = -43140 - -68501. What is the thousands digit of n?
5
Suppose -t + 4*n = t - 178, -2*n - 180 = -2*t. Let o(z) = -5*z**3 - 79*z**2 + 19*z + 136. Let p be o(-16). Let r = t - p. What is the units digit of r?
3
Let s(o) = -4*o. Let q(w) = 24*w - 32. Let h(k) = q(k) + 48*s(k). What is the units digit of h(-4)?
0
What is the tens digit of ((-418620)/8)/(((-35)/28)/1)?
6
Let n be ((-144)/(-32))/(1/(-18)). Let l = -76 - n. Suppose 170 = 5*o + l*r, 2*o + r - 74 = -3*r. What is the tens digit of o?
3
Let x(s) be the first derivative of -19*s**4/4 + 8*s**3/3 + 9*s**2/2 + 3*s + 145. What is the hundreds digit of x(-2)?
1
Let t be ((-1941)/(-4))/(9 - 428/48). Suppose -7*h = -t + 279. What is the hundreds digit of h?
7
Let g(y) = -65*y - 21. Let c(h) = h**2 + 2*h - 13. Let d be c(3). Suppose 14 - 8 = -d*k. What is the units digit of g(k)?
4
Let r = -1477 - -10473. What is the hundreds digit of r?
9
Let f = 83055 - 26588. What is the thousands digit of f?
6
Let y(f) = -f**2 + 10*f - 22. Let b be y(5). Suppose 4*t + 131 = c, -327 = -b*c + 5*t + 31. What is the hundreds digit of c?
1
Suppose 3 = -4*f - 1, 3*c - 194 = -4*f. What is the units digit of 1/(-6) - (-5027)/c?
6
Let m(w) be the third derivative of -w**6/90 + 7*w**5/40 + 9*w**4/8 + 22*w**2. Let s(x) be the second derivative of m(x). What is the tens digit of s(-5)?
6
Let l(r) = -r**2 - 3*r + 10. Let i be l(-5). Suppose -5*y + 475 = -i*y. Suppose -31*x = -30*x - y. What is the tens digit of x?
9
Suppose 566*n - 2643 = 563*n. Suppose 0 = 5*w - 2*k - 1624, -5*w - 4*k + n + 731 = 0. What is the tens digit of w?
2
Suppose -x + 3795 + 260 = 0. What is the thousands digit of x?
4
Suppose 4*o - 2*o - 16 = 0. Let t be 9/(-12)*(-20)/3. Suppose -3*h = 2*p - o*h - 162, -t*p - 4*h + 339 = 0. What is the tens digit of p?
7
Let b(g) = -g**2 - 3*g - 6. Let d be b(-6). Let t(h) = 46*h - 83. Let o be t(4). Let m = o + d. What is the tens digit of m?
7
Suppose 20*a + 2*g = 19*a + 169, 2*g - 658 = -4*a. Let w = a - -1057. What is the thousands digit of w?
1
Let w = 231 - 226. Suppose 90 = g - 3*z + 13, z = -w. What is the tens digit of g?
6
Suppose -41361 = -9*f - 7116. What is the hundreds digit of f?
8
Let q(m) = 93 + m + 5*m - 10*m + 5*m. What is the tens digit of q(31)?
2
Let q(r) = -5 - 6*r + 8*r - r. Suppose 5*b + 8*f - 7*f = 41, b - 9 = -f. What is the units digit of q(b)?
3
Suppose -184 - 2343 = -19*m. Let c = m + 669. What is the units digit of c?
2
Let n be (1476/8 - 0)*12/3. 